 - (2 - -2)?
-2
(1 - 5) + (3 - 3) + -1
-5
-5 + (5 - 9 - -6)
-3
Calculate 9 - (6 + -8) - 7.
4
Evaluate -6 + 0 + 10 + -6.
-2
What is 1 + (-2 + 2 - 4)?
-3
Calculate (-6 + 6 - -4) + 0.
4
Evaluate -4 - -10 - -4 - 2.
8
Evaluate 3 + (1 + -6 + -1 - -3).
0
What is the value of -2 + 0 + 6 + -8 + 7?
3
Calculate -4 + 2 + 2 + -4 + 3.
-1
Evaluate 6 - (4 - (0 + (1 - 0))).
3
What is the value of -3 + 1 - (5 + -2)?
-5
What is -3 + 2 + -3 + 5?
1
Evaluate 5 + (-17 + 5 - (-2 - 2)).
-3
What is (-27 - -24) + 4 + -1?
0
Calculate 1 + (-1 - (-4 + 3)).
1
What is 0 + 2 - 7 - -8 - -1?
4
(1 - (3 + -4)) + -7
-5
Calculate 17 + (6 + -11 - 7).
5
Evaluate (9 - 10) + (0 - (2 - -1)).
-4
-6 - -5 - (-1 + 6 - 2)
-4
What is 6 + (1 - 2) + 18 + -18?
5
What is the value of 14 + -2 + 0 + (-14 - -12)?
10
What is 1 - (-5 - -1) - -4?
9
16 + -12 - 4 - 8
-8
Calculate 1 + 0 + -22 + 17.
-4
What is -52 + 57 - (-1 + 1)?
5
What is -8 - (1 + -9 - -6 - -4)?
-10
Evaluate -4 + -4 + 3 + 1.
-4
Calculate 13 + (-3 - 1) + -4 + -9.
-4
-5 - -2 - (-4 - 0)
1
Calculate -3 - -2 - -5 - (-2 + 6).
0
(3 - (-4 + 5)) + 2 + 2
6
Calculate 5 - -3 - 10 - -7.
5
Evaluate 31 - 30 - (-2 + 3).
0
Calculate 10 - 18 - -24 - 10.
6
Calculate 7 + (3 - 4) + -1 + -5.
0
What is -3 + 3 - ((-1 - -3) + -3)?
1
Evaluate 0 - (4 + 0 + 4 + -6).
-2
Calculate -3 - (13 - (12 + -3)).
-7
Calculate -5 - (-3 + 1) - (0 + 2).
-5
Evaluate (192 - 191) + -2 + (-2 - -3).
0
1 + (-5 - -2 - -4) - 1
1
Calculate (5 - ((-1 - -1) + 4)) + -3.
-2
Calculate (-35 - -29) + 1 + 11.
6
Evaluate (-12 - -4) + 10 + -2.
0
7 - -1 - 9 - -7
6
What is -6 - (-11 - -1 - -4)?
0
Calculate 8 + (-3 - 2 - -8) + -4.
7
13 + (12 - -4 - 8 - 15)
6
-7 - 3 - (-2 + -4)
-4
-6 - (3 + -3) - (1 - 6)
-1
(1 - (1 - -6)) + (1 - 0)
-5
What is (1 - (-1 + 0)) + -2?
0
-2 - -8 - 3 - (3 - 2)
2
Evaluate (2 - (0 - 2)) + -6.
-2
What is 8 + (-7 - (-6 + (8 - 7)))?
6
57 - 49 - (-1 - -1)
8
Calculate 5 - (-2 - 3 - -5).
5
Evaluate -2 + 5 + 1 + -4.
0
6 + -1 + 0 + 0
5
What is -7 - (-6 + (-1 - 2))?
2
Evaluate (3 - -1) + (-15 - -8).
-3
What is -1 - (1 - (-5 + 0 - -4))?
-3
Evaluate (6 - (-3 + 3)) + -4.
2
What is 1 + 8 - (-14 + 11 - -5)?
7
What is the value of -59 - -68 - (17 + 1)?
-9
What is the value of -6 + (-2 - -3) + 4 - 1?
-2
0 + -2 + -5 + 10 + -2
1
Evaluate 8 - (3 + 3 - 3).
5
Evaluate -1 - 1 - (14 - 19) - -1.
4
What is (2 - (0 - (-2 - -4))) + -1?
3
What is the value of -3 + 3 + 1 + -2?
-1
-3 - 3 - (-16 + -3 + 13)
0
Evaluate (7 - (-4 - -11)) + 2 - 0.
2
Evaluate -8 - -7 - (3 + 0) - 5.
-9
What is the value of 0 + (5 - -2) - 3?
4
What is -3 - (2 + -18 - (-5 + -1))?
7
Evaluate 7 + (-1 - (-2 + 4)).
4
(2 - 3) + 6 - 5
0
What is the value of 0 - -2 - (-31 - (-1 + -25))?
7
What is 10 + (-3 - -1) + 2 + -6?
4
What is 10 + -6 + (6 - 0) + -6?
4
Calculate -3 + (-8 - (-2 - 4)) + 7.
2
Evaluate (4 - 1 - 1 - 2) + 0.
0
What is -1 + 1 - (0 + -4)?
4
What is (2 - 0) + -27 + 20?
-5
What is the value of -13 + (9 - -1) + (5 - 0)?
2
Evaluate -6 + 1 + -42 + 44.
-3
Calculate -14 + (0 - 2) + 15.
-1
4 - 1 - 9 - (52 + -51)
-7
Evaluate (-2 - -1) + (-17 - -24).
6
Calculate (-54 - -60) + -3 + 0.
3
Evaluate 2 - 10 - (0 - 6).
-2
Calculate 8 + -2 + (-3 - 0).
3
Calculate 7 - 11 - (5 - 7).
-2
(5 - -2) + (-2 + -5 - -3)
3
What is -3 - -6 - (14 + -8)?
-3
Calculate 0 + 2 + -5 + 8.
5
What is the value of -7 + -1 + (-7 - -15)?
0
4 + (5 - 3) + -4
2
5 - 2 - (-23 + 33)
-7
Calculate 0 + -3 + 0 + (4 - 3).
-2
-6 + 0 + 0 + 1 - -11
6
-6 + (2 - -13) + 12 + -19
2
Calculate (2 - 0) + (-5 + 9 - 6).
0
What is -1 - (1 - -2) - -1?
-3
Calculate (2 - 9) + (0 - -6) + -3.
-4
What is -4 - -2 - 4 - -8?
2
Evaluate (-6 - 6) + 13 - (4 - 0).
-3
What is the value of 4 + (-9 - -7) + -3?
-1
What is -15 - (-2 - (-2 - (-13 - -5)))?
-7
What is 7 + (-11 - -5 - 3)?
-2
Evaluate -5 - (-24 + 21 + (1 - 4)).
1
Calculate -1 - (-2 - (0 + 2)).
3
Calculate 3 - (-2 - (-22 - -13)).
-4
What is -1 + -1 + 0 + (15 - 17)?
-4
-4 + (-5 - (-5 - -1)) - -11
6
What is the value of (1 + -11 - (-2 - 1)) + 6?
-1
What is the value of -7 + (8 - 5 - -3) - 3?
-4
What is the value of (-9 - -11) + (0 - -2) - 0?
4
What is the value of -2 + 2 - (-24 - -27)?
-3
Calculate -5 + (-3 - (-1 + -2)).
-5
What is (-5 - -10) + 2 + -9 + 3?
1
What is the value of ((-5 - -1) + 4 - 1) + 7?
6
1 + 4 + -8 + 4
1
Calculate 2 + 5 + -3 - (1 - -1).
2
Calculate -1 + (-3 - -1) + 0.
-3
Evaluate -2 + 1 - 0 - (-2 - -5).
-4
-1 + 1 - (-104 + 102)
2
What is the value of (-1 - -2) + 1 - (1 - 1)?
2
Calculate (-1 - (4 - 4)) + 5.
4
(9 - 2) + -3 + 1
5
What is the value of 8 + (-2 + 7 - 11)?
2
Evaluate 1 - (1 - -4 - -1).
-5
What is the value of 3 + -9 + (-5 - -13)?
2
Calculate -4 - -19 - 7 - 12.
-4
What is the value of (4 - 14 - -3) + 13?
6
What is the value of -2 + 1 + (-2 - (-4 + 2))?
-1
What is -3 - ((-3 + -4 - -1) + 2)?
1
What is the value of 8 - (15 - (1 - -2 - -4))?
0
0 - -2 - (4 + -1)
-1
0 + 0 + 14 + -9
5
2 + 0 + 4 + 0 + -6
0
Evaluate 28 + -17 - (16 - -1).
-6
Calculate -12 - -3 - 2 - -6.
-5
3 + 5 - 3 - 10
-5
2 - (2 + -5 + -2 + 3)
4
(-5 - 6) + 12 + -7
-6
Evaluate (-2 - (-1 - 1)) + (15 - 10).
5
Calculate 5 + 5 - (11 + -7).
6
48 + -42 - (9 + -1)
-2
Calculate 2 - 5 - -5 - 6 - -6.
2
What is the value of 6 + -7 + 9 + -9?
-1
4 - (3 + (-5 - -7) + -7)
6
Evaluate 4 - 1 - -1 - (2 - -2).
0
What is (0 - 0) + 2 + -2 + -4?
-4
What is 10 - 2 - (13 + -11)?
6
What is the value of -5 + -1 - (8 + (-1 - 7))?
-6
Evaluate (1 - 6) + -11 + (-6 - -15).
-7
What is the value of 0 + 2 - (21 - 16)?
-3
What is (3 - 1) + 14 + -15?
1
What is 15 + (2 + 0 - 6)?
11
What is the value of (-1 - -3) + -3 + 1 + 2?
2
What is the value of -7 + 3 - (-2 - 1)?
-1
2 + -2 - (1 + -2 + -1)
2
What is the value of (0 - -4 - -1) + -8 + 1?
-2
What is -4 + 0 + (7 - (2 - 6))?
7
Calculate (4 - (-6 + 9 + 3)) + -3.
-5
What is 0 - (-5 + 6 + -2)?
1
Evaluate 2 - ((8 - -7) + -11).
-2
What is the value of 1 - 3 - (0 + 2)?
-4
What is the value of -5 + -4 - (4 + -6 + -1)?
-6
What is -7 - (2 - (4 - -3))?
-2
What is the value of 2 - 3 - (-3 - 0)?
2
What is 1 + 0 + (-25 - -25) - 8?
-7
What is the value of 6 - (4 - (-3 + 3 + 2))?
4
Evaluate -2 + (2 - 2 - 3 - -1).
-4
Calculate 2 + (0 - (-2 + 2 - 0)).
2
What is 6 - (8 + 5 - 6)?
-1
What is 6 - 7 - -6 - 5?
0
Calculate -3 + 8 + -1 + 1.
5
What is the value of -10 + 13 - -1 - -3?
7
What is the value of 2 - (-5 - 0) - 2?
5
What is the value of (2 - 0) + -4 + 3 + 1?
2
What is -3 + 0 + (7 + -3 - -1)?
2
-2 + 6 - 9 - (2 + 3)
-10
What is the value of (-4 - -1) + (1 - 4) + 7?
1
Calculate -5 - (7 - (-7 + 18)).
-1
Evaluate (-5 + 7 - 4) + -3.
-5
What is the value of -2 + 0 + 9 + -1?
6
11 - (5 + 0 + 0 + -1)
7
Evaluate 0 + 2 + (6 - 10).
-2
What is -8 + (2 - -2 - -1)?
-3
(-3 + 0 - -1) + 30 + -25
3
What is 3 - (-2 + (-4 - -4))?
5
15 + -21 - ((-2 - 4) + 0)
0
-13 + 5 + (2 - -1)
-5
7 + -3 + 0 - 9
-5
Evaluate -2 + 1 + 24 + -29.
-6
What is 3 - 13 - ((-6 - -5) + -4)?
-5
What is 0 + (5 + -3 - 1)?
1
What is -7 - 1 - (-27 + 23)?
-4
3 - 1 - (-4 - -7)
-1
What is the value of 3 - ((0 - 3) + 0 - -1)?
5
Evaluate -5 + 0 + 7 + (-1 - 3).
-2
Calculate (7 - (5 - -7)) + 2.
-3
-13 - 1 - (-3 + 8 + -11)
-8
What is 0 + (2 - (-2 + 3) - 0)?
1
Calculate 20 + -22 + -3 + 2 + -6.
-9
What is the value of 12 + -7 + -3 - -6?
8
2 + -2 + (2 - 0)
2
What is the value of -1 + 2 - (-4 - (2 + -3))?
4
Evaluate 3 - (-11 + 26) - -11.
-1
(12 - 7) + -10 + 4
-1
-8 - (-12 - -3 - 4)
5
Evaluate (2 - 5) + (53 - 52).
-2
Evaluate -2 + -3 + 52 + -43.
4
What is 14 - 13 - (8 + -1)?
-6
Evaluate 21 - 24 - (-8 + 0).
5
What is the value of 2 - (-8 + -4 + 11)?
3
What is the value of -3 - (3 - (5 - -1))?
0
What is -3 + 7 + -3 + 2 + -1?
2
Evaluate -7 - (-8 + (-2 - -7)).
-4
Evaluate -23 + 11 + 5 + -3.
-10
What is the value of (8 - 15) + -3 + 7?
-3
Evaluate (-6 - -2) + 54 + -51.
-1
Evaluate 88 - 79 - (11 + -1).
-1
Evaluate -6 + -5 + (5 - -2) + 0.
-4
Calculate -3 + (2 - 3) - -3.
-1
(13 - 8) + -1 + -2 + 6
8
Evaluate -5 - (-4 + (6 - 3)).
-4
What is the value of (1 - -2) + (-3 - (3 + -1))?
-2
What is the value of -5 + (-1 - 3) + (15 - 6)?
0
What is the value of 3 + -9 + (0 + 21 - 6)?
9
What is 0 + (-6 - 0) + (406 - 404)?
-4
Evaluate -1 + (-2 - (3 + -12) - 4).
2
7 + -5 + (-6 - (-4 - -2))
-2
3 - (-5 - -2 - (2 - 13))
-5
What is -8 + -5 + 23 + -6?
4
-1 + (-1 - 3) + -5
-10
What is the value of 3 + -10 - -7 - -5?
5
Calculate -10 + 16 - (4 + 3).
-1
Calculate (-